{"id":357,"date":"2022-03-13T17:52:40","date_gmt":"2022-03-13T16:52:40","guid":{"rendered":"http:\/\/muzikologijaff.si\/gmgm\/?page_id=357"},"modified":"2024-09-25T21:26:04","modified_gmt":"2024-09-25T20:26:04","slug":"podatkovne-baze","status":"publish","type":"page","link":"http:\/\/muzikologijaff.si\/gmgm\/podatkovne-baze\/","title":{"rendered":"Podatkovne baze"},"content":{"rendered":"<div id=\"pl-357\"  class=\"panel-layout\" ><div id=\"pg-357-0\"  class=\"panel-grid panel-no-style\" ><div id=\"pgc-357-0-0\"  class=\"panel-grid-cell\" ><div id=\"panel-357-0-0-0\" class=\"so-panel widget widget_sow-editor panel-first-child\" data-index=\"0\" ><div class=\"panel-widget-style panel-widget-style-for-357-0-0-0\" ><div\n\t\t\t\n\t\t\tclass=\"so-widget-sow-editor so-widget-sow-editor-base\"\n\t\t\t\n\t\t><div id=\"ez-toc-container\" class=\"ez-toc-v2_0_82_1 counter-hierarchy ez-toc-counter ez-toc-grey ez-toc-container-direction\">\n<div class=\"ez-toc-title-container\">\n<p class=\"ez-toc-title\" style=\"cursor:inherit\">Table of Contents<\/p>\n<span class=\"ez-toc-title-toggle\"><a href=\"#\" class=\"ez-toc-pull-right ez-toc-btn ez-toc-btn-xs ez-toc-btn-default ez-toc-toggle\" aria-label=\"Toggle Table of Content\"><span class=\"ez-toc-js-icon-con\"><span class=\"\"><span class=\"eztoc-hide\" style=\"display:none;\">Toggle<\/span><span class=\"ez-toc-icon-toggle-span\"><svg style=\"fill: #999;color:#999\" xmlns=\"http:\/\/www.w3.org\/2000\/svg\" class=\"list-377408\" width=\"20px\" height=\"20px\" viewBox=\"0 0 24 24\" fill=\"none\"><path d=\"M6 6H4v2h2V6zm14 0H8v2h12V6zM4 11h2v2H4v-2zm16 0H8v2h12v-2zM4 16h2v2H4v-2zm16 0H8v2h12v-2z\" fill=\"currentColor\"><\/path><\/svg><svg style=\"fill: #999;color:#999\" class=\"arrow-unsorted-368013\" xmlns=\"http:\/\/www.w3.org\/2000\/svg\" width=\"10px\" height=\"10px\" viewBox=\"0 0 24 24\" version=\"1.2\" baseProfile=\"tiny\"><path d=\"M18.2 9.3l-6.2-6.3-6.2 6.3c-.2.2-.3.4-.3.7s.1.5.3.7c.2.2.4.3.7.3h11c.3 0 .5-.1.7-.3.2-.2.3-.5.3-.7s-.1-.5-.3-.7zM5.8 14.7l6.2 6.3 6.2-6.3c.2-.2.3-.5.3-.7s-.1-.5-.3-.7c-.2-.2-.4-.3-.7-.3h-11c-.3 0-.5.1-.7.3-.2.2-.3.5-.3.7s.1.5.3.7z\"\/><\/svg><\/span><\/span><\/span><\/a><\/span><\/div>\n<nav><ul class='ez-toc-list ez-toc-list-level-1 ' ><li class='ez-toc-page-1 ez-toc-heading-level-3'><a class=\"ez-toc-link ez-toc-heading-1\" href=\"http:\/\/muzikologijaff.si\/gmgm\/podatkovne-baze\/#Arhivi\" >Arhivi<\/a><\/li><li class='ez-toc-page-1 ez-toc-heading-level-3'><a class=\"ez-toc-link ez-toc-heading-2\" href=\"http:\/\/muzikologijaff.si\/gmgm\/podatkovne-baze\/#Besedila\" >Besedila<\/a><\/li><li class='ez-toc-page-1 ez-toc-heading-level-3'><a class=\"ez-toc-link ez-toc-heading-3\" href=\"http:\/\/muzikologijaff.si\/gmgm\/podatkovne-baze\/#Note\" >Note<\/a><\/li><\/ul><\/nav><\/div>\n<h3 class=\"widget-title\"><span class=\"ez-toc-section\" id=\"Arhivi\"><\/span>Arhivi<span class=\"ez-toc-section-end\"><\/span><\/h3>\n<div class=\"siteorigin-widget-tinymce textwidget\">\n\t<p><strong>Arhiv Glasbene mladine<\/strong><\/p>\n<p>je deljen po dejavnostih Glasbene mladine, ki so lepo razvidne iz revije dru\u0161tva (gl. <a href=\"https:\/\/www.dlib.si\/details\/URN:NBN:SI:spr-APARH56B\">Glasbena mladina<\/a>, <a href=\"https:\/\/novamuska.org\/arhiv\/\">Musika<\/a>, <a href=\"http:\/\/www.glasbenamladina.si\/revija-glasna\/\">Glasna<\/a>).<\/p>\n<p>Leta 2020 so ga zaradi prostorske stiske iz prostorov Glasbene mladine preselili v klet Dru\u0161tva slovenskih skladateljev. <a href=\"http:\/\/muzikologijaff.si\/gmgm\/podatkovne-baze\/arhiv-glasbene-mladine\/\" target=\"_blank\" rel=\"noopener\">TUKAJ so digitalizirane mape s programskimi vsebinami<\/a>.<\/p>\n<p>Arhiv Glasbene mladine februarja 2022 v kleti Dru\u0161tva slovenskih skladateljev:<\/p>\n<div style=\"width: 525px;\" class=\"wp-video\"><video class=\"wp-video-shortcode\" id=\"video-357-1\" width=\"525\" height=\"296\" preload=\"metadata\" controls=\"controls\"><source type=\"video\/mp4\" src=\"http:\/\/muzikologijaff.si\/gmgm\/wp-content\/uploads\/sites\/7\/2022\/03\/Arhiv-Glasbene-mladine-na-DSS-januarja-2022.mp4?_=1\" \/><a href=\"http:\/\/muzikologijaff.si\/gmgm\/wp-content\/uploads\/sites\/7\/2022\/03\/Arhiv-Glasbene-mladine-na-DSS-januarja-2022.mp4\">http:\/\/muzikologijaff.si\/gmgm\/wp-content\/uploads\/sites\/7\/2022\/03\/Arhiv-Glasbene-mladine-na-DSS-januarja-2022.mp4<\/a><\/video><\/div>\n<p><strong>Druge ustanove, ki hranijo gradiva tudi z otro\u0161ko in mladinsko glasbo<\/strong>:<\/p>\n<p><a href=\"http:\/\/muzikologijaff.si\/gmgm\/podatkovne-baze\/arhiv-republike-slovenije\/\"><strong>Arhiv Republike Slovenije<\/strong><\/a><\/p>\n<p><strong><a href=\"https:\/\/www.rtvslo.si\/tv\">RTV Slovenija<\/a><\/strong><\/p>\n<p><strong><a href=\"https:\/\/www.nuk.uni-lj.si\/nuk\/organizacija\/glasbena-zbirka\">Glasbena Zbirka NUK Ljubljana<\/a><\/strong><\/p>\n<\/div>\n<\/div><\/div><\/div><div id=\"panel-357-0-0-1\" class=\"so-panel widget widget_sow-editor\" data-index=\"1\" ><div class=\"panel-widget-style panel-widget-style-for-357-0-0-1\" ><div\n\t\t\t\n\t\t\tclass=\"so-widget-sow-editor so-widget-sow-editor-base\"\n\t\t\t\n\t\t><h3 class=\"widget-title\"><span class=\"ez-toc-section\" id=\"Besedila\"><\/span>Besedila<span class=\"ez-toc-section-end\"><\/span><\/h3>\n<div class=\"siteorigin-widget-tinymce textwidget\">\n\t<p><a href=\"https:\/\/gm.koin.lgm.fri.ingress.si\/admin\/login\/?next=\/admin\/revije\/revija\/\" target=\"_blank\" rel=\"noopener\">Glasbena mladina, Muska, Glasna<\/a><\/p>\n<p><a href=\"http:\/\/muzikologijaff.si\/gmgm\/wp-content\/uploads\/sites\/7\/2023\/02\/Grlica.zip\">Grlica<\/a><\/p>\n<p><a href=\"http:\/\/muzikologijaff.si\/gmgm\/wp-content\/uploads\/sites\/7\/2023\/02\/Slovenska-glasbena-revija.zip\">Slovenska glasbena revija<\/a><\/p>\n<p><a href=\"http:\/\/muzikologijaff.si\/gmgm\/wp-content\/uploads\/sites\/7\/2023\/11\/TRBOVELJSKI-SLAVCEK-ZGODOVINA-MLADINSKEGA-PEVSKEGA-ZBORA-1971.pdf\">TRBOVELJSKI SLAVC\u030cEK \u2013 zgodovina mladinskega pevskega zbora. Zbral Jo\u017eef \u0160krinjar po spominih Avgusta \u0160uligoja\u00a0 1971. <\/a>\u00a0 Tipkopis knjige Jo\u017eeta \u0160krinjarja <em>Trboveljski\u00a0 slav\u010dek, zgodovina mladinskega pevskega zbora, <\/em>Trbovlje: Tika. (<a href=\"https:\/\/zasavje.si\/legendarni-trboveljski-zbor-dobil-obelezje\/\">O Jo\u017eefu \u0160krinarju<\/a>, o <a href=\"https:\/\/www.slovenska-biografija.si\/oseba\/sbi676794\/\">Avgustu \u0160uligoju<\/a>)<\/p>\n<\/div>\n<\/div><\/div><\/div><div id=\"panel-357-0-0-2\" class=\"so-panel widget widget_sow-editor panel-last-child\" data-index=\"2\" ><div class=\"panel-widget-style panel-widget-style-for-357-0-0-2\" ><div\n\t\t\t\n\t\t\tclass=\"so-widget-sow-editor so-widget-sow-editor-base\"\n\t\t\t\n\t\t><h3 class=\"widget-title\"><span class=\"ez-toc-section\" id=\"Note\"><\/span>Note<span class=\"ez-toc-section-end\"><\/span><\/h3>\n<div class=\"siteorigin-widget-tinymce textwidget\">\n\t<p><a href=\"http:\/\/muzikologijaff.si\/gmgm\/podatkovne-baze\/ciciban\/\">Ciciban<\/a><\/p>\n<p><a href=\"http:\/\/muzikologijaff.si\/gmgm\/podatkovne-baze\/edicije-drustva-slovenskih-skladateljev-2\/\">Edicije Dru\u0161tva slovenskih skladateljev<\/a><\/p>\n<p><a href=\"http:\/\/muzikologijaff.si\/gmgm\/wp-content\/uploads\/sites\/7\/2023\/02\/Grlica.zip\">Grlica<\/a><\/p>\n<p><a href=\"http:\/\/muzikologijaff.si\/gmgm\/podatkovne-baze\/pesmarice\/\">Pesmarice<\/a><\/p>\n<\/div>\n<\/div><\/div><\/div><\/div><\/div><\/div>","protected":false},"excerpt":{"rendered":"<p>Arhiv Glasbene mladine je deljen po dejavnostih Glasbene mladine, ki so lepo razvidne iz revije dru\u0161tva (gl. Glasbena mladina, Musika, Glasna). Leta 2020 so ga zaradi prostorske stiske iz prostorov Glasbene mladine preselili v klet Dru\u0161tva slovenskih skladateljev. TUKAJ so digitalizirane mape s programskimi vsebinami. Arhiv Glasbene mladine februarja 2022 v kleti Dru\u0161tva slovenskih skladateljev: &hellip; <\/p>\n<p class=\"link-more\"><a href=\"http:\/\/muzikologijaff.si\/gmgm\/podatkovne-baze\/\" class=\"more-link\">Preberi ve\u010d<span class=\"screen-reader-text\"> &#8220;Podatkovne baze&#8221;<\/span><\/a><\/p>\n","protected":false},"author":1,"featured_media":0,"parent":0,"menu_order":0,"comment_status":"closed","ping_status":"closed","template":"","meta":{"_uag_custom_page_level_css":"","_themeisle_gutenberg_block_has_review":false,"footnotes":""},"class_list":["post-357","page","type-page","status-publish","hentry"],"uagb_featured_image_src":{"full":false,"thumbnail":false,"medium":false,"medium_large":false,"large":false,"1536x1536":false,"2048x2048":false,"twentyseventeen-featured-image":false,"twentyseventeen-thumbnail-avatar":false,"sow-carousel-default":false},"uagb_author_info":{"display_name":"leon","author_link":"http:\/\/muzikologijaff.si\/gmgm\/author\/leon\/"},"uagb_comment_info":0,"uagb_excerpt":"Arhiv Glasbene mladine je deljen po dejavnostih Glasbene mladine, ki so lepo razvidne iz revije dru\u0161tva (gl. Glasbena mladina, Musika, Glasna). Leta 2020 so ga zaradi prostorske stiske iz prostorov Glasbene mladine preselili v klet Dru\u0161tva slovenskih skladateljev. TUKAJ so digitalizirane mape s programskimi vsebinami. Arhiv Glasbene mladine februarja 2022 v kleti Dru\u0161tva slovenskih skladateljev:&hellip;","_links":{"self":[{"href":"http:\/\/muzikologijaff.si\/gmgm\/wp-json\/wp\/v2\/pages\/357","targetHints":{"allow":["GET"]}}],"collection":[{"href":"http:\/\/muzikologijaff.si\/gmgm\/wp-json\/wp\/v2\/pages"}],"about":[{"href":"http:\/\/muzikologijaff.si\/gmgm\/wp-json\/wp\/v2\/types\/page"}],"author":[{"embeddable":true,"href":"http:\/\/muzikologijaff.si\/gmgm\/wp-json\/wp\/v2\/users\/1"}],"replies":[{"embeddable":true,"href":"http:\/\/muzikologijaff.si\/gmgm\/wp-json\/wp\/v2\/comments?post=357"}],"version-history":[{"count":2,"href":"http:\/\/muzikologijaff.si\/gmgm\/wp-json\/wp\/v2\/pages\/357\/revisions"}],"predecessor-version":[{"id":1386,"href":"http:\/\/muzikologijaff.si\/gmgm\/wp-json\/wp\/v2\/pages\/357\/revisions\/1386"}],"wp:attachment":[{"href":"http:\/\/muzikologijaff.si\/gmgm\/wp-json\/wp\/v2\/media?parent=357"}],"curies":[{"name":"wp","href":"https:\/\/api.w.org\/{rel}","templated":true}]}}

<div id="pl-357"  class="panel-layout" ><div id="pg-357-0"  class="panel-grid panel-no-style" ><div id="pgc-357-0-0"  class="panel-grid-cell" ><div id="panel-357-0-0-0" class="so-panel widget widget_sow-editor panel-first-child" data-index="0" ><div class="panel-widget-style panel-widget-style-for-357-0-0-0" ><div
			
			class="so-widget-sow-editor so-widget-sow-editor-base"
			
		><div id="ez-toc-container" class="ez-toc-v2_0_82_1 counter-hierarchy ez-toc-counter ez-toc-grey ez-toc-container-direction">
<div class="ez-toc-title-container">
<p class="ez-toc-title" style="cursor:inherit">Table of Contents</p>
<span class="ez-toc-title-toggle"><a href="#" class="ez-toc-pull-right ez-toc-btn ez-toc-btn-xs ez-toc-btn-default ez-toc-toggle" aria-label="Toggle Table of Content"><span class="ez-toc-js-icon-con"><span class=""><span class="eztoc-hide" style="display:none;">Toggle</span><span class="ez-toc-icon-toggle-span"><svg style="fill: #999;color:#999" xmlns="http://www.w3.org/2000/svg" class="list-377408" width="20px" height="20px" viewBox="0 0 24 24" fill="none"><path d="M6 6H4v2h2V6zm14 0H8v2h12V6zM4 11h2v2H4v-2zm16 0H8v2h12v-2zM4 16h2v2H4v-2zm16 0H8v2h12v-2z" fill="currentColor"></path></svg><svg style="fill: #999;color:#999" class="arrow-unsorted-368013" xmlns="http://www.w3.org/2000/svg" width="10px" height="10px" viewBox="0 0 24 24" version="1.2" baseProfile="tiny"><path d="M18.2 9.3l-6.2-6.3-6.2 6.3c-.2.2-.3.4-.3.7s.1.5.3.7c.2.2.4.3.7.3h11c.3 0 .5-.1.7-.3.2-.2.3-.5.3-.7s-.1-.5-.3-.7zM5.8 14.7l6.2 6.3 6.2-6.3c.2-.2.3-.5.3-.7s-.1-.5-.3-.7c-.2-.2-.4-.3-.7-.3h-11c-.3 0-.5.1-.7.3-.2.2-.3.5-.3.7s.1.5.3.7z"/></svg></span></span></span></a></span></div>
<nav><ul class='ez-toc-list ez-toc-list-level-1 ' ><li class='ez-toc-page-1 ez-toc-heading-level-3'><a class="ez-toc-link ez-toc-heading-1" href="http://muzikologijaff.si/gmgm/podatkovne-baze/#Arhivi" >Arhivi</a></li><li class='ez-toc-page-1 ez-toc-heading-level-3'><a class="ez-toc-link ez-toc-heading-2" href="http://muzikologijaff.si/gmgm/podatkovne-baze/#Besedila" >Besedila</a></li><li class='ez-toc-page-1 ez-toc-heading-level-3'><a class="ez-toc-link ez-toc-heading-3" href="http://muzikologijaff.si/gmgm/podatkovne-baze/#Note" >Note</a></li></ul></nav></div>
<h3 class="widget-title"><span class="ez-toc-section" id="Arhivi"></span>Arhivi<span class="ez-toc-section-end"></span></h3>
<div class="siteorigin-widget-tinymce textwidget">
	<p><strong>Arhiv Glasbene mladine</strong></p>
<p>je deljen po dejavnostih Glasbene mladine, ki so lepo razvidne iz revije društva (gl. <a href="https://www.dlib.si/details/URN:NBN:SI:spr-APARH56B">Glasbena mladina</a>, <a href="https://novamuska.org/arhiv/">Musika</a>, <a href="http://www.glasbenamladina.si/revija-glasna/">Glasna</a>).</p>
<p>Leta 2020 so ga zaradi prostorske stiske iz prostorov Glasbene mladine preselili v klet Društva slovenskih skladateljev. <a href="http://muzikologijaff.si/gmgm/podatkovne-baze/arhiv-glasbene-mladine/" target="_blank" rel="noopener">TUKAJ so digitalizirane mape s programskimi vsebinami</a>.</p>
<p>Arhiv Glasbene mladine februarja 2022 v kleti Društva slovenskih skladateljev:</p>
<div style="width: 525px;" class="wp-video"><video class="wp-video-shortcode" id="video-357-1" width="525" height="296" preload="metadata" controls="controls"><source type="video/mp4" src="http://muzikologijaff.si/gmgm/wp-content/uploads/sites/7/2022/03/Arhiv-Glasbene-mladine-na-DSS-januarja-2022.mp4?_=1" /><a href="http://muzikologijaff.si/gmgm/wp-content/uploads/sites/7/2022/03/Arhiv-Glasbene-mladine-na-DSS-januarja-2022.mp4">http://muzikologijaff.si/gmgm/wp-content/uploads/sites/7/2022/03/Arhiv-Glasbene-mladine-na-DSS-januarja-2022.mp4</a></video></div>
<p><strong>Druge ustanove, ki hranijo gradiva tudi z otroško in mladinsko glasbo</strong>:</p>
<p><a href="http://muzikologijaff.si/gmgm/podatkovne-baze/arhiv-republike-slovenije/"><strong>Arhiv Republike Slovenije</strong></a></p>
<p><strong><a href="https://www.rtvslo.si/tv">RTV Slovenija</a></strong></p>
<p><strong><a href="https://www.nuk.uni-lj.si/nuk/organizacija/glasbena-zbirka">Glasbena Zbirka NUK Ljubljana</a></strong></p>
</div>
</div></div></div><div id="panel-357-0-0-1" class="so-panel widget widget_sow-editor" data-index="1" ><div class="panel-widget-style panel-widget-style-for-357-0-0-1" ><div
			
			class="so-widget-sow-editor so-widget-sow-editor-base"
			
		><h3 class="widget-title"><span class="ez-toc-section" id="Besedila"></span>Besedila<span class="ez-toc-section-end"></span></h3>
<div class="siteorigin-widget-tinymce textwidget">
	<p><a href="https://gm.koin.lgm.fri.ingress.si/admin/login/?next=/admin/revije/revija/" target="_blank" rel="noopener">Glasbena mladina, Muska, Glasna</a></p>
<p><a href="http://muzikologijaff.si/gmgm/wp-content/uploads/sites/7/2023/02/Grlica.zip">Grlica</a></p>
<p><a href="http://muzikologijaff.si/gmgm/wp-content/uploads/sites/7/2023/02/Slovenska-glasbena-revija.zip">Slovenska glasbena revija</a></p>
<p><a href="http://muzikologijaff.si/gmgm/wp-content/uploads/sites/7/2023/11/TRBOVELJSKI-SLAVCEK-ZGODOVINA-MLADINSKEGA-PEVSKEGA-ZBORA-1971.pdf">TRBOVELJSKI SLAVČEK – zgodovina mladinskega pevskega zbora. Zbral Jožef Škrinjar po spominih Avgusta Šuligoja  1971. </a>  Tipkopis knjige Jožeta Škrinjarja <em>Trboveljski  slavček, zgodovina mladinskega pevskega zbora, </em>Trbovlje: Tika. (<a href="https://zasavje.si/legendarni-trboveljski-zbor-dobil-obelezje/">O Jožefu Škrinarju</a>, o <a href="https://www.slovenska-biografija.si/oseba/sbi676794/">Avgustu Šuligoju</a>)</p>
</div>
</div></div></div><div id="panel-357-0-0-2" class="so-panel widget widget_sow-editor panel-last-child" data-index="2" ><div class="panel-widget-style panel-widget-style-for-357-0-0-2" ><div
			
			class="so-widget-sow-editor so-widget-sow-editor-base"
			
		><h3 class="widget-title"><span class="ez-toc-section" id="Note"></span>Note<span class="ez-toc-section-end"></span></h3>
<div class="siteorigin-widget-tinymce textwidget">
	<p><a href="http://muzikologijaff.si/gmgm/podatkovne-baze/ciciban/">Ciciban</a></p>
<p><a href="http://muzikologijaff.si/gmgm/podatkovne-baze/edicije-drustva-slovenskih-skladateljev-2/">Edicije Društva slovenskih skladateljev</a></p>
<p><a href="http://muzikologijaff.si/gmgm/wp-content/uploads/sites/7/2023/02/Grlica.zip">Grlica</a></p>
<p><a href="http://muzikologijaff.si/gmgm/podatkovne-baze/pesmarice/">Pesmarice</a></p>
</div>
</div></div></div></div></div></div>

<p>Arhiv Glasbene mladine je deljen po dejavnostih Glasbene mladine, ki so lepo razvidne iz revije društva (gl. Glasbena mladina, Musika, Glasna). Leta 2020 so ga zaradi prostorske stiske iz prostorov Glasbene mladine preselili v klet Društva slovenskih skladateljev. TUKAJ so digitalizirane mape s programskimi vsebinami. Arhiv Glasbene mladine februarja 2022 v kleti Društva slovenskih skladateljev: &hellip; </p>
<p class="link-more"><a href="http://muzikologijaff.si/gmgm/podatkovne-baze/" class="more-link">Preberi več<span class="screen-reader-text"> &#8220;Podatkovne baze&#8221;</span></a></p>

Arhiv Glasbene mladine je deljen po dejavnostih Glasbene mladine, ki so lepo razvidne iz revije društva (gl. Glasbena mladina, Musika, Glasna). Leta 2020 so ga zaradi prostorske stiske iz prostorov Glasbene mladine preselili v klet Društva slovenskih skladateljev. TUKAJ so digitalizirane mape s programskimi vsebinami. Arhiv Glasbene mladine februarja 2022 v kleti Društva slovenskih skladateljev:&hellip;
