{"id":17,"date":"2025-02-10T22:20:17","date_gmt":"2025-02-10T21:20:17","guid":{"rendered":"http:\/\/muzikologijaff.si\/isgpo1991\/?page_id=17"},"modified":"2025-02-11T21:24:20","modified_gmt":"2025-02-11T20:24:20","slug":"o-projektu","status":"publish","type":"page","link":"http:\/\/muzikologijaff.si\/isgpo1991\/","title":{"rendered":"O projektu"},"content":{"rendered":"<div id=\"pl-17\"  class=\"panel-layout\" ><div id=\"pg-17-0\"  class=\"panel-grid panel-no-style\" ><div id=\"pgc-17-0-0\"  class=\"panel-grid-cell\" ><div id=\"panel-17-0-0-0\" class=\"so-panel widget widget_black-studio-tinymce widget_black_studio_tinymce panel-first-child panel-last-child\" data-index=\"0\" ><div id=\"ez-toc-container\" class=\"ez-toc-v2_0_82_1 counter-hierarchy ez-toc-counter ez-toc-grey ez-toc-container-direction\">\n<div class=\"ez-toc-title-container\">\n<p class=\"ez-toc-title\" style=\"cursor:inherit\">Table of Contents<\/p>\n<span class=\"ez-toc-title-toggle\"><a href=\"#\" class=\"ez-toc-pull-right ez-toc-btn ez-toc-btn-xs ez-toc-btn-default ez-toc-toggle\" aria-label=\"Toggle Table of Content\"><span class=\"ez-toc-js-icon-con\"><span class=\"\"><span class=\"eztoc-hide\" style=\"display:none;\">Toggle<\/span><span class=\"ez-toc-icon-toggle-span\"><svg style=\"fill: #999;color:#999\" xmlns=\"http:\/\/www.w3.org\/2000\/svg\" class=\"list-377408\" width=\"20px\" height=\"20px\" viewBox=\"0 0 24 24\" fill=\"none\"><path d=\"M6 6H4v2h2V6zm14 0H8v2h12V6zM4 11h2v2H4v-2zm16 0H8v2h12v-2zM4 16h2v2H4v-2zm16 0H8v2h12v-2z\" fill=\"currentColor\"><\/path><\/svg><svg style=\"fill: #999;color:#999\" class=\"arrow-unsorted-368013\" xmlns=\"http:\/\/www.w3.org\/2000\/svg\" width=\"10px\" height=\"10px\" viewBox=\"0 0 24 24\" version=\"1.2\" baseProfile=\"tiny\"><path d=\"M18.2 9.3l-6.2-6.3-6.2 6.3c-.2.2-.3.4-.3.7s.1.5.3.7c.2.2.4.3.7.3h11c.3 0 .5-.1.7-.3.2-.2.3-.5.3-.7s-.1-.5-.3-.7zM5.8 14.7l6.2 6.3 6.2-6.3c.2-.2.3-.5.3-.7s-.1-.5-.3-.7c-.2-.2-.4-.3-.7-.3h-11c-.3 0-.5.1-.7.3-.2.2-.3.5-.3.7s.1.5.3.7z\"\/><\/svg><\/span><\/span><\/span><\/a><\/span><\/div>\n<nav><ul class='ez-toc-list ez-toc-list-level-1 ' ><li class='ez-toc-page-1 ez-toc-heading-level-3'><a class=\"ez-toc-link ez-toc-heading-1\" href=\"http:\/\/muzikologijaff.si\/isgpo1991\/#Projekt_so_omogocili_%E2%80%A6\" >Projekt so omogo\u010dili &#8230;<\/a><\/li><li class='ez-toc-page-1 ez-toc-heading-level-3'><a class=\"ez-toc-link ez-toc-heading-2\" href=\"http:\/\/muzikologijaff.si\/isgpo1991\/#Cilj_projekta\" >Cilj projekta<\/a><\/li><\/ul><\/nav><\/div>\n<h3 class=\"widget-title\"><span class=\"ez-toc-section\" id=\"Projekt_so_omogocili_%E2%80%A6\"><\/span>Projekt so omogo\u010dili &#8230;<span class=\"ez-toc-section-end\"><\/span><\/h3><div class=\"textwidget\"><p class=\"p2\">Temeljni raziskovalni projekt \u2013 manj\u0161i <strong><em>Identifikacije slovenske glasbe po 1991<\/em> <\/strong>izvajajo naslednje \u010dlanice&nbsp; <a href=\"https:\/\/www.uni-lj.si\/\">Univerze v Ljubljani<\/a>: <a href=\"https:\/\/www.ff.uni-lj.si\/studij\/oddelki\/oddelek-za-muzikologijo\">Oddelek za muzikologijo Filozofske fakultete<\/a> (koordinator projekta), <a href=\"https:\/\/www.ag.uni-lj.si\/\">Akademija za glasbo<\/a> in <a href=\"https:\/\/www.fri.uni-lj.si\/sl\/laboratorij\/lgm-21\">Laboratorij za ra\u010dunalni\u0161ko grafiko in multimedije Fakultete za ra\u010dunalni\u0161tvo in informatiko<\/a>. Sodeluje pa tudi <a href=\"https:\/\/gni.zrc-sazu.si\/sl\">Glasbenonarodopisni in\u0161titut Znanstvenoraziskovalnega centra Slovenske akademije znanosti in umetnosti<\/a>.<\/p>\n<p class=\"p2\">Projekt je sofinanciran s strani <a href=\"https:\/\/www.aris-rs.si\/\">Javna agencija za znanstvenoraziskovalno in inovacijsko dejavnost Republike Slovenije (ARIS<\/a>):&nbsp;<\/p>\n<pre class=\"p2\"><strong>\u0160IFRA<\/strong>&nbsp;J6-60108\n<strong>PPS ELEMENT<\/strong> 28-122460.J6-60108\n<strong>TRAJANJE<\/strong> 01.01.25 - 31.12.27 &nbsp;<\/pre>\n<p>&nbsp;<\/p>\n<\/div><\/div><\/div><div id=\"pgc-17-0-1\"  class=\"panel-grid-cell\" ><div id=\"panel-17-0-1-0\" class=\"so-panel widget widget_black-studio-tinymce widget_black_studio_tinymce panel-first-child panel-last-child\" data-index=\"1\" ><h3 class=\"widget-title\"><span class=\"ez-toc-section\" id=\"Cilj_projekta\"><\/span>Cilj projekta<span class=\"ez-toc-section-end\"><\/span><\/h3><div class=\"textwidget\"><p><div class=\"ead-preview\"><div class=\"ead-document\" style=\"position: relative;padding-top: 90%;\"><iframe src=\"\/\/view.officeapps.live.com\/op\/embed.aspx?src=http%3A%2F%2Fmuzikologijaff.si%2Fisgpo1991%2Fwp-content%2Fuploads%2Fsites%2F13%2F2025%2F02%2FPovzetekSLO.docx\" title=\"Embedded Document\" class=\"ead-iframe\" style=\"width: 100%;height: 100%;border: none;position: absolute;left: 0;top: 0;\"><\/iframe><\/div><\/div><\/p>\n<\/div><\/div><\/div><\/div><\/div>","protected":false},"excerpt":{"rendered":"<p>Temeljni raziskovalni projekt \u2013 manj\u0161i Identifikacije slovenske glasbe po 1991 izvajajo naslednje \u010dlanice&nbsp; Univerze v Ljubljani: Oddelek za muzikologijo Filozofske fakultete (koordinator projekta), Akademija za glasbo in Laboratorij za ra\u010dunalni\u0161ko grafiko in multimedije Fakultete za ra\u010dunalni\u0161tvo in informatiko. Sodeluje pa tudi Glasbenonarodopisni in\u0161titut Znanstvenoraziskovalnega centra Slovenske akademije znanosti in umetnosti. Projekt je sofinanciran s strani &hellip; <\/p>\n<p class=\"link-more\"><a href=\"http:\/\/muzikologijaff.si\/isgpo1991\/\" class=\"more-link\">Preberi ve\u010d<span class=\"screen-reader-text\"> &#8220;O projektu&#8221;<\/span><\/a><\/p>\n","protected":false},"author":1,"featured_media":0,"parent":0,"menu_order":0,"comment_status":"closed","ping_status":"closed","template":"","meta":{"ngg_post_thumbnail":0,"_themeisle_gutenberg_block_has_review":false,"footnotes":""},"class_list":["post-17","page","type-page","status-publish","hentry"],"aioseo_notices":[],"_links":{"self":[{"href":"http:\/\/muzikologijaff.si\/isgpo1991\/wp-json\/wp\/v2\/pages\/17","targetHints":{"allow":["GET"]}}],"collection":[{"href":"http:\/\/muzikologijaff.si\/isgpo1991\/wp-json\/wp\/v2\/pages"}],"about":[{"href":"http:\/\/muzikologijaff.si\/isgpo1991\/wp-json\/wp\/v2\/types\/page"}],"author":[{"embeddable":true,"href":"http:\/\/muzikologijaff.si\/isgpo1991\/wp-json\/wp\/v2\/users\/1"}],"replies":[{"embeddable":true,"href":"http:\/\/muzikologijaff.si\/isgpo1991\/wp-json\/wp\/v2\/comments?post=17"}],"version-history":[{"count":10,"href":"http:\/\/muzikologijaff.si\/isgpo1991\/wp-json\/wp\/v2\/pages\/17\/revisions"}],"predecessor-version":[{"id":71,"href":"http:\/\/muzikologijaff.si\/isgpo1991\/wp-json\/wp\/v2\/pages\/17\/revisions\/71"}],"wp:attachment":[{"href":"http:\/\/muzikologijaff.si\/isgpo1991\/wp-json\/wp\/v2\/media?parent=17"}],"curies":[{"name":"wp","href":"https:\/\/api.w.org\/{rel}","templated":true}]}}